- 1) + -2. Is g/(-3)*(13 + -172) a prime number?
True
Suppose -4*z - 5402 = -82722. Suppose z = 5*s + 4655. Is s a prime number?
False
Suppose v = -i + 77, 68 = -v + 2*v + 4*i. Suppose 8*q - 552 = v. Is q a composite number?
False
Is 2338/4*1860/210 a prime number?
False
Let j(w) = w**3 - 5*w**2 + 4. Let p be j(5). Let r be p/18 + 375/135. Suppose -156 = -4*q + r*d + 63, 5*d = -25. Is q composite?
True
Let s = 12260 - 7477. Is s composite?
False
Let k(f) = -5*f + 30 + 4*f - 19 + 26. Let v be 0*((-2)/(-4) - 0). Is k(v) composite?
False
Is 4 + (5 - (-542 + 0)) a prime number?
False
Suppose v - 2*v + 13 = 4*p, 10 = -5*v + 5*p. Let c be 0 + v - (-4610)/5. Is c/3 - (-2)/(-3) a prime number?
True
Suppose -34 = -4*f + 2. Suppose -2*u - f = 7. Is ((-12)/u)/(1/274) a composite number?
True
Suppose 7*d = 1189 + 400. Suppose 4*s = -3*m + 112 + d, 5*s - 15 = 0. Is m prime?
True
Suppose -9715 = 39*w - 44*w. Is w a composite number?
True
Let j(p) = 109*p**2 - 39*p + 5. Let a(y) = 54*y**2 - 19*y + 3. Let h(f) = 7*a(f) - 3*j(f). Is h(7) composite?
False
Let c(n) = 5 - 1 - 176*n - 59*n. Is c(-3) a composite number?
False
Let h = 116 + 271. Suppose -h - 260 = -g. Is g composite?
False
Suppose 6*a - a - 3*b - 1153 = 0, -3*b = -3*a + 687. Is a a composite number?
False
Let z(q) = -3*q**3 + 14*q**2 - 2. Let f(u) = 0*u**3 - 1 + 19*u**2 - 10*u**2 + 0 - 2*u**3. Let p(a) = -7*f(a) + 5*z(a). Is p(6) a composite number?
True
Suppose 330 + 384 = 3*t. Let j(s) = -s**3 - 10*s**2 + 5*s - 3. Let f be j(-10). Let q = f + t. Is q composite?
True
Suppose 121812 = 21*f - 17*f. Is f a prime number?
False
Is 2/42 - (-54168504)/3276 a composite number?
True
Let g = 4092 - -791. Is g a composite number?
True
Let y be -17 - -2*(-3 + 4). Let x = -6 - y. Let p(l) = 5*l + 10. Is p(x) a composite number?
True
Suppose 10779 = 791*l - 788*l. Is l a composite number?
False
Let q(f) = -f + 19. Let i be q(14). Suppose -i*h = 5*s - 5530, -2*h - 5*s - 566 = -2763. Is h a composite number?
True
Let n = -44 + -50. Let j = n - -175. Suppose 0 = 2*o - q - 891, -4*o = -q - j - 1696. Is o a composite number?
False
Suppose 4*y + h + 19 = 51, -40 = -5*y - 5*h. Suppose y*w + 485 = 9*w. Is w a prime number?
False
Suppose 2074 = y - 1713. Is y a composite number?
True
Let k(f) = f**2 - 10*f + 3. Let w be k(11). Let x = w + -9. Is 2 - -1 - (x + -67) a composite number?
True
Let v(i) = -i**3 + 4*i**2 + 2*i. Let t be v(3). Let m be 28/(-20) + 6/t. Is (-145)/(2 + -1)*m a prime number?
False
Let i = -11 + 3. Let y(n) be the second derivative of -7*n**3/6 - n**2/2 + 16*n. Is y(i) a prime number?
False
Let m(v) = -2*v**2 + 3*v + 1. Let b(g) = 1. Let w(d) = -2*b(d) - m(d). Let c be w(3). Suppose 155 = c*x - x. Is x prime?
True
Let g(f) = -18*f**2 + f + 1. Let x be g(-1). Let h = -12 - x. Is 5331/h - (-3)/(-2) a composite number?
False
Let p(l) = l**2 - 3*l - 1. Let t(j) = -j. Let d(z) = -p(z) + 3*t(z). Let q be d(-2). Is (-6)/(-9) + (-631)/q a prime number?
True
Let r(p) = 2*p - 9. Let m be r(7). Suppose -55 = -0*n + m*n. Let a = 172 + n. Is a prime?
False
Let i(s) = s - 365. Let k(d) = -3*d + 1096. Let b(y) = 17*i(y) + 6*k(y). Is b(0) prime?
False
Let v(c) = -3*c**2 + 12*c + 13. Let i(n) = n**2 - 4*n - 4. Let a(p) = 7*i(p) + 2*v(p). Is a(-3) a prime number?
True
Is ((-20)/8)/(31/(-2309066)) a prime number?
False
Suppose 3 = -3*v - 3. Is 1/v + 6465/6 composite?
True
Suppose -8*k = 12799 - 40695. Is k a composite number?
True
Suppose 58 - 61 = z, z = -o + 53306. Is o composite?
False
Let w(o) = 4505*o**2 + 2*o - 1. Let x be w(1). Suppose 0*k + x = 6*k. Is k prime?
True
Let w = -1 + 2. Let g be w/(-3) - (-50)/(-3). Let y = 66 + g. Is y a prime number?
False
Suppose -14 = -5*p + 11. Suppose p*v + a - 3066 = 0, -4*v = -a - a - 2450. Is v a composite number?
False
Let z = -4 - 7. Suppose 2*r = 45 + 19. Let q = r + z. Is q composite?
True
Let d be 16/2 + (2 - 4). Let g be 3*((-364)/(-12))/7. Let p = g - d. Is p a prime number?
True
Let z = -8 - -8. Let n = z + 0. Suppose n*u = 5*u + 4*x - 95, u - 2*x - 33 = 0. Is u a prime number?
True
Let w(f) = -16*f**3 + 4*f**2 + 10*f + 8. Is w(-3) composite?
True
Suppose -169287 = -24*v + 7569. Is v a composite number?
False
Let q be (-9)/2 + (-16)/(-32). Let l be 74*8/q + 1. Let y = -70 - l. Is y composite?
True
Suppose 2*s - 42 = 5*s. Let z be 4656/42 - 2/s. Is (z/(-1))/(4 - 5) prime?
False
Is (48/96)/((-2)/(-9332)) a composite number?
False
Suppose 5*d + 10975 = 10*d. Is d composite?
True
Suppose 0 = -413*h + 420*h - 2765. Is h a composite number?
True
Let u(w) = 40*w**2 + 45*w + 28. Is u(17) composite?
True
Suppose 0 = -4*o + 3*c + 3230, 0*o - 801 = -o + 4*c. Let v = o + -535. Is v composite?
True
Let u = -9 + 13. Suppose -8 = u*f, -494 = -2*w - 2*w + f. Is w prime?
False
Let d be (1 - 2)/(-1 - -2). Let j(u) = u - 1. Let m be j(d). Is 7/m*(-102)/3 prime?
False
Let n be -1 - (-20)/12*3. Let m(p) = -p**2 + 8*p - 10. Let b be m(n). Suppose -b*g + 1082 = 140. Is g a composite number?
False
Let f be (0 - -1)/(3/9). Is (-6 - 581)*f/(-3) composite?
False
Let b be ((-4)/6)/((-24)/(-9) - 3). Suppose 2*d + 25 = 7*d. Is 2494/d + b/10 a prime number?
True
Let n = -260 - -460. Suppose 2*t + 7 = 13, b - n = t. Is b composite?
True
Let p(l) = -14*l + 3. Suppose -20 = -8*f + 6*f. Let v = f + -18. Is p(v) a composite number?
True
Let y = -37 + 26. Let x = 1 + y. Is (-1306)/x - (-16)/40 composite?
False
Let h = 11772 + -8113. Is h prime?
True
Let j = 11056 + 2493. Is j a composite number?
True
Let u be ((-7)/2)/(17/(-34)). Suppose u*b - 11*b + 10612 = 0. Is b composite?
True
Suppose -12*v + 96246 = -81510. Is v a composite number?
False
Let q = -30 + 29. Let x be ((-3)/q)/((-1)/(-33)). Suppose 0*n + 2*t = -n + x, 3*n - 5*t = 242. Is n a composite number?
False
Let f(p) = 217*p**3 + 2*p**2 - 1. Let c be (2/(-6))/(6/(-18)). Let g be f(c). Suppose 2*m = 4*m - g. Is m prime?
True
Suppose -5*c + 7 + 23 = 0. Let k be ((-48)/(-20))/(c/1660). Suppose 2*u + 1941 = 2*p + p, k = p + 5*u. Is p a composite number?
True
Suppose -3*q = -l - 8210, 3*q - 3*l - 8215 = -l. Is q a prime number?
False
Suppose 4*z + z - 280 = 0. Suppose 0 = g - 3, -113 = t - 3*t - g. Suppose -3*j + t = -z. Is j composite?
False
Let l(z) = -931*z + 13. Let g(s) = 466*s - 7. Let x(b) = 7*g(b) + 3*l(b). Is x(3) prime?
False
Let y be 3/7 - (-6942)/21. Let k = -11 - -15. Suppose 0 = k*n - m - y, -3*m = -7*m + 4. Is n a prime number?
True
Let o(f) = 28*f + 13. Let q(b) = -28*b - 13. Let t(d) = -7*o(d) - 6*q(d). Let w be t(-10). Suppose -5*z + 0*j = j - w, 2*z = 2*j + 102. Is z a prime number?
True
Let x be (-9)/6*-2 + 37. Is 324/10 + 24/x composite?
True
Suppose -31 = -5*o + 9. Let c(n) = 4*n**2 + 2*n - 1. Is c(o) composite?
False
Let y be (2 - (-7)/(-2))*-2. Let t(j) = 187*j**2 - j + 9. Is t(y) a prime number?
False
Let p be 6 - (6 + 2/(-1)). Suppose 6*v - 2717 = 2*v - 5*o, 0 = p*v - 2*o - 1372. Is v prime?
True
Let f(r) = 1258*r**3 + 2*r**2 - 3*r + 2. Let z = -52 + 53. Is f(z) composite?
False
Let s(m) = 1850*m - 23. Is s(4) a composite number?
True
Suppose -3*u - 6 = 2*y, 5*y + 9 = -2*u + 2*y. Suppose u*c = -c + 4. Suppose 0 = -c*a + 436 + 72. Is a a prime number?
True
Is (-5 - -3833) + -7 - (-2 - -2) a prime number?
True
Suppose 17*x + 137382 - 702445 = 0. Is x prime?
False
Suppose -2*t - 2*t + 16 = 0. Suppose 32 = 4*w + 4*n, -3*w + 5*n = t*n - 8. Is ((-33)/w)/((-6)/16) composite?
True
Suppose 0*j - 3*j + 4*b = -2921, -2*b + 3858 = 4*j. Is j prime?
True
Suppose 7*a = -14003 + 68106. Is a a composite number?
True
Suppose 2780 = 5*v - 1415. Let u be ((-22)/(-2))/(7/161). Suppose 3*y = -2*j + 884, -2*y - 2*j + v - u = 0. Is y a prime number?
False
Let p(v) = 21*v. Let n be p(1). Let h = n + 360. Is h composite?
True
Suppose z + 2*c = 82379, -320402 - 9147 = -4*z + 3*c. Is z a composite number?
True
Suppose 89*t - 56 = 81*t. Suppose 1202 = t*l - 51. Is l a prime number?
True
Suppose -p + 740 - 29 = 0. Suppose -a = -j + a + p, -3*a + 2142 = 3*j. Is j prime?
False
Suppose 0 = -56*g + 42*g + 220962. Is g composite?
True
Let v = 4 - 5. Let s be (3/(-9))/(v/(-6)). Is 143*((-4)/s + -1) a composite number?
True
Is 39455/45 + (-4)/(-18) prime?
True
Let d(s) = s + 4. Let g be d(0). Let q = g - 8. Is (q/(-2))/(-2) + 146 a composite number?
True